{"id":1307,"date":"2023-07-12T22:21:13","date_gmt":"2023-07-12T20:21:13","guid":{"rendered":"https:\/\/soin-marianeige.com\/?page_id=1307"},"modified":"2023-07-12T22:25:35","modified_gmt":"2023-07-12T20:25:35","slug":"reflexologie-plantaire-chinoise","status":"publish","type":"page","link":"https:\/\/soin-marianeige.com\/index.php\/reflexologie-plantaire-chinoise\/","title":{"rendered":"R\u00e9flexologie plantaire chinoise"},"content":{"rendered":"\n<p>Un massage complet qui va aider l&rsquo;organisme a pr\u00e9server la sant\u00e9 issue de la m\u00e9decine traditionnelle chinoise, technique de relaxation profonde.<\/p>\n\n\n\n<p><\/p>\n","protected":false},"excerpt":{"rendered":"<p>Un massage complet qui va aider l&rsquo;organisme a pr\u00e9server la sant\u00e9 issue de la m\u00e9decine traditionnelle chinoise, technique de relaxation profonde.<\/p>\n","protected":false},"author":1,"featured_media":1311,"parent":0,"menu_order":7,"comment_status":"closed","ping_status":"closed","template":"","meta":{"om_disable_all_campaigns":false,"_sitemap_exclude":false,"_sitemap_priority":"","_sitemap_frequency":"","_monsterinsights_skip_tracking":false,"_monsterinsights_sitenote_active":false,"_monsterinsights_sitenote_note":"","_monsterinsights_sitenote_category":0,"footnotes":""},"class_list":["post-1307","page","type-page","status-publish","has-post-thumbnail","hentry"],"aioseo_notices":[],"_links":{"self":[{"href":"https:\/\/soin-marianeige.com\/index.php\/wp-json\/wp\/v2\/pages\/1307","targetHints":{"allow":["GET"]}}],"collection":[{"href":"https:\/\/soin-marianeige.com\/index.php\/wp-json\/wp\/v2\/pages"}],"about":[{"href":"https:\/\/soin-marianeige.com\/index.php\/wp-json\/wp\/v2\/types\/page"}],"author":[{"embeddable":true,"href":"https:\/\/soin-marianeige.com\/index.php\/wp-json\/wp\/v2\/users\/1"}],"replies":[{"embeddable":true,"href":"https:\/\/soin-marianeige.com\/index.php\/wp-json\/wp\/v2\/comments?post=1307"}],"version-history":[{"count":2,"href":"https:\/\/soin-marianeige.com\/index.php\/wp-json\/wp\/v2\/pages\/1307\/revisions"}],"predecessor-version":[{"id":1491,"href":"https:\/\/soin-marianeige.com\/index.php\/wp-json\/wp\/v2\/pages\/1307\/revisions\/1491"}],"wp:featuredmedia":[{"embeddable":true,"href":"https:\/\/soin-marianeige.com\/index.php\/wp-json\/wp\/v2\/media\/1311"}],"wp:attachment":[{"href":"https:\/\/soin-marianeige.com\/index.php\/wp-json\/wp\/v2\/media?parent=1307"}],"curies":[{"name":"wp","href":"https:\/\/api.w.org\/{rel}","templated":true}]}}