{"id":1615,"date":"2024-07-25T10:35:07","date_gmt":"2024-07-25T08:35:07","guid":{"rendered":"https:\/\/soin-marianeige.com\/?page_id=1615"},"modified":"2024-07-25T10:35:09","modified_gmt":"2024-07-25T08:35:09","slug":"quels-benefices-en-attendre","status":"publish","type":"page","link":"https:\/\/soin-marianeige.com\/index.php\/quels-benefices-en-attendre\/","title":{"rendered":"Quels b\u00e9n\u00e9fices en attendre ?"},"content":{"rendered":"\n<p>Les s\u00e9ances que je propose ont pour but de procurer un bien-\u00eatre physique et mental. Elles peuvent aider \u00e0 soulager les tensions, les douleurs, le stress et les \u00e9motions n\u00e9gatives. Elles peuvent \u00e9galement contribuer \u00e0 pr\u00e9server la sant\u00e9 et \u00e0 am\u00e9liorer la qualit\u00e9 de vie en g\u00e9n\u00e9ral.<\/p>\n\n\n\n<p>En r\u00e9sum\u00e9, je propose&nbsp;des s\u00e9ances diff\u00e9rentes pour r\u00e9pondre aux besoins de mes clients. Les s\u00e9ances se d\u00e9roulent en cabinet ou \u00e0 domicile, durent environ une heure et sont bas\u00e9es sur une approche holistique. Les b\u00e9n\u00e9fices attendus sont un bien-\u00eatre physique et mental, ainsi qu&rsquo;une am\u00e9lioration de la qualit\u00e9 de vie. N&rsquo;h\u00e9sitez pas \u00e0 me contacter pour plus d&rsquo;informations ou pour prendre rendez-vous.<\/p>\n","protected":false},"excerpt":{"rendered":"<p>Les s\u00e9ances que je propose ont pour but de procurer un bien-\u00eatre physique et mental. Elles peuvent aider \u00e0 soulager les tensions, les douleurs, le<\/p>\n","protected":false},"author":1,"featured_media":0,"parent":0,"menu_order":0,"comment_status":"closed","ping_status":"closed","template":"","meta":{"om_disable_all_campaigns":false,"_sitemap_exclude":false,"_sitemap_priority":"","_sitemap_frequency":"","_monsterinsights_skip_tracking":false,"_monsterinsights_sitenote_active":false,"_monsterinsights_sitenote_note":"","_monsterinsights_sitenote_category":0,"footnotes":""},"class_list":["post-1615","page","type-page","status-publish","hentry"],"aioseo_notices":[],"_links":{"self":[{"href":"https:\/\/soin-marianeige.com\/index.php\/wp-json\/wp\/v2\/pages\/1615","targetHints":{"allow":["GET"]}}],"collection":[{"href":"https:\/\/soin-marianeige.com\/index.php\/wp-json\/wp\/v2\/pages"}],"about":[{"href":"https:\/\/soin-marianeige.com\/index.php\/wp-json\/wp\/v2\/types\/page"}],"author":[{"embeddable":true,"href":"https:\/\/soin-marianeige.com\/index.php\/wp-json\/wp\/v2\/users\/1"}],"replies":[{"embeddable":true,"href":"https:\/\/soin-marianeige.com\/index.php\/wp-json\/wp\/v2\/comments?post=1615"}],"version-history":[{"count":1,"href":"https:\/\/soin-marianeige.com\/index.php\/wp-json\/wp\/v2\/pages\/1615\/revisions"}],"predecessor-version":[{"id":1616,"href":"https:\/\/soin-marianeige.com\/index.php\/wp-json\/wp\/v2\/pages\/1615\/revisions\/1616"}],"wp:attachment":[{"href":"https:\/\/soin-marianeige.com\/index.php\/wp-json\/wp\/v2\/media?parent=1615"}],"curies":[{"name":"wp","href":"https:\/\/api.w.org\/{rel}","templated":true}]}}